{"id":14,"date":"2017-09-09T11:01:32","date_gmt":"2017-09-09T11:01:32","guid":{"rendered":"http:\/\/bremen-keramik.de\/?page_id=14"},"modified":"2024-06-12T17:33:51","modified_gmt":"2024-06-12T15:33:51","slug":"impressum","status":"publish","type":"page","link":"http:\/\/bremen-keramik.de\/?page_id=14","title":{"rendered":"Impressum"},"content":{"rendered":"<p><img fetchpriority=\"high\" decoding=\"async\" class=\"alignleft wp-image-244\" src=\"http:\/\/bremen-keramik.de\/wp-content\/uploads\/2017\/09\/IMG_0428-300x300.jpg\" alt=\"\" width=\"350\" height=\"350\" srcset=\"http:\/\/bremen-keramik.de\/wp-content\/uploads\/2017\/09\/IMG_0428-300x300.jpg 300w, http:\/\/bremen-keramik.de\/wp-content\/uploads\/2017\/09\/IMG_0428-150x150.jpg 150w, http:\/\/bremen-keramik.de\/wp-content\/uploads\/2017\/09\/IMG_0428-768x768.jpg 768w, http:\/\/bremen-keramik.de\/wp-content\/uploads\/2017\/09\/IMG_0428-1024x1024.jpg 1024w, http:\/\/bremen-keramik.de\/wp-content\/uploads\/2017\/09\/IMG_0428-100x100.jpg 100w\" sizes=\"(max-width: 350px) 100vw, 350px\" \/>Tanja M\u00f6wis Keramik<br \/>\ninhaltl. verantw.: Tanja M\u00f6wis<br \/>\nWulwesstra\u00dfe 12<br \/>\n28203 Bremen<\/p>\n<p>Telefon 0049 421 636 777 5<br \/>\n<a href=\"mailto:tanja@moewis-keramik.de\">tanja@moewis-keramik.de<\/a><\/p>\n<p>Ust-Id-Nr. DE342472413<\/p>\n<p style=\"text-align: left;\">Haftungshinweis: Trotz sorgf\u00e4ltiger inhaltlicher Kontrolle \u00fcbernehmen wir keine Haftung f\u00fcr die Inhalte externer Links. F\u00fcr den Inhalt der verlinkten Seiten sind ausschlie\u00dflich deren Betreiber verantwortlich.<\/p>\n<p style=\"text-align: left;\">\u00a9 2024 Tanja M\u00f6wis<\/p>\n","protected":false},"excerpt":{"rendered":"<p>Tanja M\u00f6wis Keramik inhaltl. verantw.: Tanja M\u00f6wis Wulwesstra\u00dfe 12 28203 Bremen Telefon 0049 421 636 777 5 tanja@moewis-keramik.de Ust-Id-Nr. DE342472413 Haftungshinweis: Trotz sorgf\u00e4ltiger inhaltlicher Kontrolle \u00fcbernehmen wir keine Haftung f\u00fcr die Inhalte externer Links. F\u00fcr den Inhalt der verlinkten Seiten sind ausschlie\u00dflich deren Betreiber verantwortlich. \u00a9 2024 Tanja M\u00f6wis<\/p>\n","protected":false},"author":1,"featured_media":0,"parent":0,"menu_order":0,"comment_status":"closed","ping_status":"closed","template":"","meta":{"footnotes":""},"_links":{"self":[{"href":"http:\/\/bremen-keramik.de\/index.php?rest_route=\/wp\/v2\/pages\/14"}],"collection":[{"href":"http:\/\/bremen-keramik.de\/index.php?rest_route=\/wp\/v2\/pages"}],"about":[{"href":"http:\/\/bremen-keramik.de\/index.php?rest_route=\/wp\/v2\/types\/page"}],"author":[{"embeddable":true,"href":"http:\/\/bremen-keramik.de\/index.php?rest_route=\/wp\/v2\/users\/1"}],"replies":[{"embeddable":true,"href":"http:\/\/bremen-keramik.de\/index.php?rest_route=%2Fwp%2Fv2%2Fcomments&post=14"}],"version-history":[{"count":14,"href":"http:\/\/bremen-keramik.de\/index.php?rest_route=\/wp\/v2\/pages\/14\/revisions"}],"predecessor-version":[{"id":727,"href":"http:\/\/bremen-keramik.de\/index.php?rest_route=\/wp\/v2\/pages\/14\/revisions\/727"}],"wp:attachment":[{"href":"http:\/\/bremen-keramik.de\/index.php?rest_route=%2Fwp%2Fv2%2Fmedia&parent=14"}],"curies":[{"name":"wp","href":"https:\/\/api.w.org\/{rel}","templated":true}]}}

<p><img fetchpriority="high" decoding="async" class="alignleft wp-image-244" src="http://bremen-keramik.de/wp-content/uploads/2017/09/IMG_0428-300x300.jpg" alt="" width="350" height="350" srcset="http://bremen-keramik.de/wp-content/uploads/2017/09/IMG_0428-300x300.jpg 300w, http://bremen-keramik.de/wp-content/uploads/2017/09/IMG_0428-150x150.jpg 150w, http://bremen-keramik.de/wp-content/uploads/2017/09/IMG_0428-768x768.jpg 768w, http://bremen-keramik.de/wp-content/uploads/2017/09/IMG_0428-1024x1024.jpg 1024w, http://bremen-keramik.de/wp-content/uploads/2017/09/IMG_0428-100x100.jpg 100w" sizes="(max-width: 350px) 100vw, 350px" />Tanja Möwis Keramik<br />
inhaltl. verantw.: Tanja Möwis<br />
Wulwesstraße 12<br />
28203 Bremen</p>
<p>Telefon 0049 421 636 777 5<br />
<a href="mailto:tanja@moewis-keramik.de">tanja@moewis-keramik.de</a></p>
<p>Ust-Id-Nr. DE342472413</p>
<p style="text-align: left;">Haftungshinweis: Trotz sorgfältiger inhaltlicher Kontrolle übernehmen wir keine Haftung für die Inhalte externer Links. Für den Inhalt der verlinkten Seiten sind ausschließlich deren Betreiber verantwortlich.</p>
<p style="text-align: left;">© 2024 Tanja Möwis</p>

<p>Tanja Möwis Keramik inhaltl. verantw.: Tanja Möwis Wulwesstraße 12 28203 Bremen Telefon 0049 421 636 777 5 tanja@moewis-keramik.de Ust-Id-Nr. DE342472413 Haftungshinweis: Trotz sorgfältiger inhaltlicher Kontrolle übernehmen wir keine Haftung für die Inhalte externer Links. Für den Inhalt der verlinkten Seiten sind ausschließlich deren Betreiber verantwortlich. © 2024 Tanja Möwis</p>
